3*h + 8. Let w(i) = h*b(i) + s(i). Give w(6).
2
Let u(h) = -h + 2. Let q be u(8). Let d(b) = -b**3 - 6*b**2 - 1. Let g be d(q). Let w(n) be the first derivative of 5*n**2/2 - n - 1. What is w(g)?
-6
Let g(w) = -4*w - 1. Suppose 5*t = 3*t + 2. Calculate g(t).
-5
Let b(j) = 7*j**3 - 13*j**2 - 7*j. Let h(r) = 6*r**3 - 12*r**2 - 6*r + 1. Let l(z) = -5*b(z) + 6*h(z). Give l(7).
-1
Suppose -y + 3 + 2 = 0. Suppose a = l + y*a + 16, 2*l + 5*a + 20 = 0. Suppose -3*z + 0*z - 9 = l. Let b(h) = -3*h - 4. Calculate b(z).
5
Let l(b) = -2 + 1 + 0*b + b. Suppose 5*a = -0*a - 5*m, 0 = -5*a + 2*m. Give l(a).
-1
Let w(t) = -t**3 - t - 12. Let s = 1 - 1. Give w(s).
-12
Let l(a) = -10*a - 2. Let n be l(-1). Let q(k) = -2*k + 10. What is q(n)?
-6
Suppose -b - 2*b - 12 = 0. Let t(h) = -3*h + 3. Determine t(b).
15
Suppose -5*n + c = 0, 5 = -4*c + 5*c. Let t be n/(-2)*2 - 2. Let i(x) = -x**3 - 3*x**2 + 3*x + 4. Give i(t).
-5
Let z(s) = -4*s**2 - 2*s. Let x(p) = -p**2 - 23*p - 20. Let l be x(-22). Give z(l).
-20
Let a(r) = -2*r - 4. Suppose 5*i = 16 + 9. Calculate a(i).
-14
Let i(j) = -j**2 - j. Let l(w) = -5*w**2 - 4*w. Let x(v) = 4*i(v) - l(v). Let s be ((-16)/(-12))/(2/3). Suppose -s = -m - 0. What is x(m)?
4
Let o(w) = 4*w**3 - 3*w**3 - w**2 + 110*w - 111*w + 13. Determine o(0).
13
Let x(v) = 3*v + 3. Let j(w) = w**3 - 2*w**2 - 2*w + 1. Suppose 0*s - 4 = 2*s. Let h be (-1)/s*(-20)/(-5). Let f be j(h). Give x(f).
-6
Let a(y) = -2*y + 0 + y + 2. Suppose 0 = z - 0*z - 1. Let p be 4/(-20) - z/(-5). Give a(p).
2
Let x(t) = t + 2. Let y = 7 + 2. Let z be 56/(-9) + 2/y. What is x(z)?
-4
Let r(k) be the first derivative of 1/3*k**3 - k + 3/2*k**4 - 1 - 1/2*k**2. What is r(-1)?
-5
Let h(g) = g**3 - 3*g**2 - 5*g - 3. Let x be 4/10 + (-38)/(-5). Let l be 1 - 0 - x/(-2). Suppose -p - 2*p + 4*c = -4, 12 = l*p - 4*c. Give h(p).
-7
Suppose 5*d + 20 = -4*v - 67, -99 = 5*v + 3*d. Let p = -15 - v. Let c(o) be the third derivative of -o**6/120 + o**5/30 + o**4/12 + 2*o**3/3 + o**2. Give c(p).
1
Let w(u) = -u + 9. Let m(h) = h - 10. Let d = 7 + -14. Let z(v) = -v**3 + 6*v**2 - v. Let o be z(6). Let p(g) = d*w(g) + o*m(g). Give p(5).
2
Let f(u) be the third derivative of -u**5/60 - u**4/6 - u**3/2 + u**2. Let c be ((-1)/(-3))/(1/24). Suppose -c - 1 = 3*q. Determine f(q).
0
Let a(o) = -4*o**2 - 2*o - 1. Let y = -9 + 16. Let g be (1 + 3)/((-2)/4). Let w = y + g. Determine a(w).
-3
Suppose -4*p + 28 = -0. Let r(q) = -q**3 + 8*q**2 - 7*q + 4. What is r(p)?
4
Let j(y) be the first derivative of -y**3/3 + 7*y**2/2 + 8*y - 18. Calculate j(6).
14
Let s(r) be the third derivative of 1/12*r**4 + 1/6*r**3 + 0*r - 3*r**2 + 1/20*r**5 + 0. What is s(-1)?
2
Let g = -9 - -9. Let s(a) = -3*a + 3 - a**3 - 6 + 4*a**2 + g*a**3 + a. What is s(4)?
-11
Let y(d) = d**3 - d - 24. Let r be y(0). Let k be (r/(-20))/(3/(-10)). Let m(c) = c**3 + 4*c**2 - c. Calculate m(k).
4
Let s(v) be the second derivative of -2*v - 3*v**2 - 1/12*v**4 + v**3 + 0. Suppose 4*r - 6 = 10. What is s(r)?
2
Let v(z) = -z**3 + 6*z**2 - z - 6. Let d = -12 + 17. Give v(d).
14
Let k be (4 + -5)/(2/(-10)). Let w(u) = u**3 - 4*u**2 - 4*u - 4. What is w(k)?
1
Suppose 2*r + 12 = -0. Let v = 8 + r. Let w(b) = -1 - 7*b + b**3 + b - 5 + 4*b**2 + v. Determine w(-5).
1
Let d(a) = 3*a + 1. Let w be d(-1). Let h be 0/1*(-2)/w. Let r(i) = i**2 + 2. Give r(h).
2
Let v(h) = 6*h - 1. Let f be v(1). Let u = -2 + f. Let w(n) = -14 + 2*n**3 - n**3 + u*n + 12 - 4*n**2. What is w(3)?
-2
Let l(j) = -j**2 - j + 0 - 9 + 7 - 8*j. Give l(-6).
16
Let y(l) = l**3 - 5*l**2 - 3. Let w = -1 - -6. Suppose -3*u + w*q - 7 = 0, q = -4*u + 3*q - 14. Let a be (-1 - -3)/(u/(-10)). What is y(a)?
-3
Suppose -42 = -2*d - 4. Let s = -21 + d. Let b(g) be the third derivative of g**6/120 + g**5/15 + g**4/8 + g**3/6 + g**2. Give b(s).
3
Let u(s) be the third derivative of 0*s - 7*s**2 - 1/60*s**5 + 1/24*s**4 + 2/3*s**3 + 0. Calculate u(4).
-8
Let j = -11 + 6. Let h(r) be the third derivative of -r**6/120 - r**5/10 - r**4/8 + r**3 + 15*r**2. Determine h(j).
-4
Let i(m) = -m**3 - 4*m**2 - 2*m - 2. Let s(l) = l**2 - 6*l. Let b be s(7). Suppose -b + 4 = u. Let f be i(u). Let a(h) = -h**2 - 5*h + 5. What is a(f)?
5
Let l(v) = -v**2 + 6*v - 3. Let z be l(5). Let d = z + -7. Let y(f) be the second derivative of -f**3/3 - 2*f**2 - 9*f. Determine y(d).
6
Let f(g) = 7234 - 9*g - 7239 + g**2 - 2*g**2. What is f(-8)?
3
Let z be 1/3*(6 - -3). Let u(y) = 4*y**2 - z*y - 8*y**2 - y**3 + 0*y**3 - 6. Calculate u(-4).
6
Let y(o) = o + 10. Suppose 4*r = l + 12, -4*l - r + 3 = -0*r. What is y(l)?
10
Let v(k) = -2*k**2 + 1 - 2*k + 0*k**2 + 3*k**2. Suppose -2*c + 2*s = -s - 11, 5*c + 7 = -4*s. Determine v(c).
0
Suppose y + 2*q = 13, y - 4*q + 2 = -3*q. Let j(k) be the second derivative of -k**4/12 + 3*k**2/2 - k. Determine j(y).
-6
Let r(k) = -k + 11. Suppose -4*a + 30 = -2*n, -a - 2*a + 4*n + 20 = 0. Calculate r(a).
3
Let k(d) = 4*d + 5. Suppose u + 3 = -2*u. Let q(l) = -l. Let z(i) = u*k(i) - 3*q(i). Determine z(4).
-9
Let k(c) = -c**3 - 2*c**2 + c - 1. Let h(r) = r + 9. Let q be h(-11). What is k(q)?
-3
Let v(u) = 3*u - 6. Let j(y) = -y. Let r(m) = -4*m + 1. Let w(z) = -5*j(z) + r(z). Let c(t) = v(t) + 5*w(t). Determine c(-1).
-9
Let a(n) be the second derivative of -n**5/20 + n**4/4 + n**3/3 - 9*n. Let h = -10 + 13. Calculate a(h).
6
Let y(b) = b. Let x be y(3). Suppose -5*t - 4*m - 20 = -3*t, t - x*m - 10 = 0. Let a(i) = i**2 + 3*i + 2. Let d be a(t). Let h(j) = -j**3 - 6. Determine h(d).
-6
Suppose -5*g = 8 + 7. Let r(w) = w - 11. Let q be (3*4)/4*-1. Let a(f) = 5. Let t(o) = q*r(o) - 7*a(o). Determine t(g).
7
Let g(l) = -l**2 - 9*l - 7. Suppose -5*u - 204 = -174. Determine g(u).
11
Let h(d) = -2*d**2 - 17 + 6 + 9 + d**3 - 4*d. Calculate h(4).
14
Let j(z) = -z**3 + z**2 - 2*z - 1. Let o be ((-18)/12)/(1*(-3)/(-4)). What is j(o)?
15
Suppose 8 = 5*y - 2. Let u(r) = 3*r - 4*r - 4 - y + 2. Let w be (-33)/(-7) - (-4)/14. Give u(w).
-9
Let k(s) = 4*s + 8. Suppose -42 = 5*d + 4*a, 5*d + 0*a = -3*a - 39. What is k(d)?
-16
Let s be 3 - (-4 + 2 - -1). Suppose 0 = x - 4*i + 12, -2*x + s*x + i = 3. Let y(m) = m - 8. Determine y(x).
-8
Let w(c) = -4*c**2 - c. Let q(n) = -3*n**2 - 8 + 3*n**2 - 11*n - n**2 + 3*n. Let p be q(-6). Suppose -7 + p = 3*l. Give w(l).
-3
Let g(f) = f + 2. Let j = 16 - 16. What is g(j)?
2
Let y(h) = h - 12. Let v be (-5)/(-1)*2/2. Give y(v).
-7
Let c(g) be the third derivative of g**5/60 + 5*g**3/6 - 5*g**2 - 6*g. What is c(0)?
5
Let k(p) = -6*p + 64. Let a be k(10). Let v(b) = -b**2 + 4*b. Determine v(a).
0
Let n(t) = -t**2 + t + 1 - t**2 + 2*t**3 - t**2. Let a be (-1)/(-3) - (-5)/3. Suppose 0 = s - 2*s + a. Determine n(s).
7
Let j(p) = -p**2 - 3*p - 1. Let g = 23 - 27. Calculate j(g).
-5
Let g(t) be the first derivative of t**3/3 + 5*t**2/2 + 7*t - 3. Determine g(-5).
7
Let h(r) = -3*r**2 + 5*r - 2. Let t(i) = -2*i**2 + 4*i - 2. Let y(c) = 3*h(c) - 4*t(c). Determine y(-3).
-4
Let u(g) = 2*g**3 - g**2 + 3*g + 2. Let s be u(3). Suppose 14 + s = -l. Let i be l/(-12) + 1/6. Let b(p) = -p**3 + 5*p**2 + 7*p - 6. Determine b(i).
0
Let a(n) = -n - 12. Let s be a(-10). Let k(r) = -r. Let q(h) = -h**2. Let i(m) = -3*k(m) - 2*q(m). Calculate i(s).
2
Let y(h) = -h**2 - 8*h - 7. Let n = -7 + 7. Suppose 4*d + 32 = -4*z, d - 4*d - 4*z - 27 = n. What is y(d)?
8
Let v be (-258)/(-33) + 10/55. Let y(w) = w - 3 - 2 + v. Give y(3).
6
Let z(n) be the first derivative of -2*n + 2 - 1/2*n**2. Let o(m) = m - 9. Let c be o(6). What is z(c)?
1
Suppose -18 = -14*m + 10. Let f(h) = h**3 - 4*h**2 + 2. What is f(m)?
-6
Let z(i) be the second derivative of i**6/120 + i**5/60 - i**3/6 + 3*i**2/2 - 3*i. Let s(j) be the first derivative of z(j). Give s(-2).
-5
Let o(u) = -u**3 + 4*u**2 + 3*u + 2. Let w(i) = -i**2 + 5*i + 11. Let g be w(6). Determine o(g).
-8
Let p(k) = 3*k**3 + 4*k**2 + 3*k + 1. Let w(l) = -l**3 - l**2. Let h(y) = -p(y) - 5*w(y). Calculate h(-2).
-7
Let k be 4 - 1/(2/2). Let w(z) be the third derivative of -z**5/60 + 2*z**3/3 + 37*z**2. Calculate w(k).
-5
Let v(d) = -d + 4. Let w be v(6). Let q(l) = -l**2 - l + 1. Let p(f) = -f**3 + 3*f - 2. Let k(g) = p(g) + 4*q(g). Determine k(w).
-4
Let z = -54 + 48. Let p(n) = -n**2 - 5*n + 6. Give p(z).
0
Let r(b) be the first derivative of -b**4/4 - 4*b**3/3 